[INFO] cloning repository https://github.com/Ragarnoy/expert_system
[INFO] running `Command { std: "git" "-c" "credential.helper=" "-c" "credential.helper=/workspace/cargo-home/bin/git-credential-null" "clone" "--bare" "https://github.com/Ragarnoy/expert_system" "/workspace/cache/git-repos/https%3A%2F%2Fgithub.com%2FRagarnoy%2Fexpert_system", kill_on_drop: false }`
[INFO] [stderr] Cloning into bare repository '/workspace/cache/git-repos/https%3A%2F%2Fgithub.com%2FRagarnoy%2Fexpert_system'...
[INFO] running `Command { std: "git" "rev-parse" "HEAD", kill_on_drop: false }`
[INFO] [stdout] 858d0f5ff12adb6f7e814849c6bcfd01f47c5305
[INFO] checking Ragarnoy/expert_system against master#af3c6e733a40e671550e0f0f5aeecaa13772ba56 for pr-74989
[INFO] running `Command { std: "git" "clone" "/workspace/cache/git-repos/https%3A%2F%2Fgithub.com%2FRagarnoy%2Fexpert_system" "/workspace/builds/worker-13/source", kill_on_drop: false }`
[INFO] [stderr] Cloning into '/workspace/builds/worker-13/source'...
[INFO] [stderr] done.
[INFO] validating manifest of git repo https://github.com/Ragarnoy/expert_system on toolchain af3c6e733a40e671550e0f0f5aeecaa13772ba56
[INFO] running `Command { std: "/workspace/cargo-home/bin/cargo" "+af3c6e733a40e671550e0f0f5aeecaa13772ba56" "read-manifest" "--manifest-path" "Cargo.toml", kill_on_drop: false }`
[INFO] started tweaking git repo https://github.com/Ragarnoy/expert_system
[INFO] finished tweaking git repo https://github.com/Ragarnoy/expert_system
[INFO] tweaked toml for git repo https://github.com/Ragarnoy/expert_system written to /workspace/builds/worker-13/source/Cargo.toml
[INFO] crate git repo https://github.com/Ragarnoy/expert_system already has a lockfile, it will not be regenerated
[INFO] running `Command { std: "/workspace/cargo-home/bin/cargo" "+af3c6e733a40e671550e0f0f5aeecaa13772ba56" "fetch" "--locked" "--manifest-path" "Cargo.toml", kill_on_drop: false }`
[INFO] running `Command { std: "docker" "create" "-v" "/var/lib/crater-agent-workspace/builds/worker-13/target:/opt/rustwide/target:rw,Z" "-v" "/var/lib/crater-agent-workspace/builds/worker-13/source:/opt/rustwide/workdir:ro,Z" "-v" "/var/lib/crater-agent-workspace/cargo-home:/opt/rustwide/cargo-home:ro,Z" "-v" "/var/lib/crater-agent-workspace/rustup-home:/opt/rustwide/rustup-home:ro,Z" "-e" "SOURCE_DIR=/opt/rustwide/workdir" "-e" "CARGO_TARGET_DIR=/opt/rustwide/target" "-e" "CARGO_HOME=/opt/rustwide/cargo-home" "-e" "RUSTUP_HOME=/opt/rustwide/rustup-home" "-w" "/opt/rustwide/workdir" "-m" "1610612736" "--user" "0:0" "--network" "none" "rustops/crates-build-env@sha256:d92eaeed33fa75130ca1ee6c8a01d1ffb62bac859dfdfb3450e3e5d1c0146529" "/opt/rustwide/cargo-home/bin/cargo" "+af3c6e733a40e671550e0f0f5aeecaa13772ba56" "metadata" "--no-deps" "--format-version=1", kill_on_drop: false }`
[INFO] [stdout] 11e6e62799170d46ad94fd97880175506fab56463fd586213e9d302e19ad9f05
[INFO] [stderr] WARNING: Your kernel does not support swap limit capabilities or the cgroup is not mounted. Memory limited without swap.
[INFO] running `Command { std: "docker" "start" "-a" "11e6e62799170d46ad94fd97880175506fab56463fd586213e9d302e19ad9f05", kill_on_drop: false }`
[INFO] running `Command { std: "docker" "inspect" "11e6e62799170d46ad94fd97880175506fab56463fd586213e9d302e19ad9f05", kill_on_drop: false }`
[INFO] running `Command { std: "docker" "rm" "-f" "11e6e62799170d46ad94fd97880175506fab56463fd586213e9d302e19ad9f05", kill_on_drop: false }`
[INFO] [stdout] 11e6e62799170d46ad94fd97880175506fab56463fd586213e9d302e19ad9f05
[INFO] running `Command { std: "docker" "create" "-v" "/var/lib/crater-agent-workspace/builds/worker-13/target:/opt/rustwide/target:rw,Z" "-v" "/var/lib/crater-agent-workspace/builds/worker-13/source:/opt/rustwide/workdir:ro,Z" "-v" "/var/lib/crater-agent-workspace/cargo-home:/opt/rustwide/cargo-home:ro,Z" "-v" "/var/lib/crater-agent-workspace/rustup-home:/opt/rustwide/rustup-home:ro,Z" "-e" "SOURCE_DIR=/opt/rustwide/workdir" "-e" "CARGO_TARGET_DIR=/opt/rustwide/target" "-e" "CARGO_INCREMENTAL=0" "-e" "RUST_BACKTRACE=full" "-e" "RUSTFLAGS=--cap-lints=forbid" "-e" "CARGO_HOME=/opt/rustwide/cargo-home" "-e" "RUSTUP_HOME=/opt/rustwide/rustup-home" "-w" "/opt/rustwide/workdir" "-m" "1610612736" "--user" "0:0" "--network" "none" "rustops/crates-build-env@sha256:d92eaeed33fa75130ca1ee6c8a01d1ffb62bac859dfdfb3450e3e5d1c0146529" "/opt/rustwide/cargo-home/bin/cargo" "+af3c6e733a40e671550e0f0f5aeecaa13772ba56" "check" "--frozen" "--all" "--all-targets" "--message-format=json", kill_on_drop: false }`
[INFO] [stdout] f34c4b4c6e9613de92f4ec878f60eeb916e7babc583213acffc61ff562f7d68e
[INFO] [stderr] WARNING: Your kernel does not support swap limit capabilities or the cgroup is not mounted. Memory limited without swap.
[INFO] running `Command { std: "docker" "start" "-a" "f34c4b4c6e9613de92f4ec878f60eeb916e7babc583213acffc61ff562f7d68e", kill_on_drop: false }`
[INFO] [stderr]     Blocking waiting for file lock on package cache
[INFO] [stderr]     Checking unicode-width v0.1.6
[INFO] [stderr]     Checking ansi_term v0.11.0
[INFO] [stderr]     Checking strsim v0.8.0
[INFO] [stderr]     Checking vec_map v0.8.1
[INFO] [stderr]     Checking textwrap v0.11.0
[INFO] [stderr]     Checking clap v2.33.0
[INFO] [stderr]     Checking expert_system v0.1.0 (/opt/rustwide/workdir)
[INFO] [stdout] warning: unused label
[INFO] [stdout]   --> src/main.rs:44:5
[INFO] [stdout]    |
[INFO] [stdout] 44 |     'outer: for line in input.lines()
[INFO] [stdout]    |     ^^^^^^
[INFO] [stdout]    |
[INFO] [stdout]    = note: `#[warn(unused_labels)]` on by default
[INFO] [stdout] 
[INFO] [stdout] 
[INFO] [stdout] warning: unused label
[INFO] [stdout]   --> src/main.rs:44:5
[INFO] [stdout]    |
[INFO] [stdout] 44 |     'outer: for line in input.lines()
[INFO] [stdout]    |     ^^^^^^
[INFO] [stdout]    |
[INFO] [stdout]    = note: `#[warn(unused_labels)]` on by default
[INFO] [stdout] 
[INFO] [stdout] 
[INFO] [stdout] error[E0599]: no function or associated item named `get_operators_sorted_by_priority` found for struct `Operation` in the current scope
[INFO] [stdout]   --> src/rules.rs:38:27
[INFO] [stdout]    |
[INFO] [stdout] 38 |         let left_p = Operation::get_operators_sorted_by_priority(&left)?;
[INFO] [stdout]    |                                 ^^^^^^^^^^^^^^^^^^^^^^^^^^^^^^^^ function or associated item not found in `Operation`
[INFO] [stdout]    | 
[INFO] [stdout]   ::: src/operation.rs:10:1
[INFO] [stdout]    |
[INFO] [stdout] 10 | pub struct Operation
[INFO] [stdout]    | -------------------- function or associated item `get_operators_sorted_by_priority` not found for this
[INFO] [stdout] 
[INFO] [stdout] 
[INFO] [stdout] error[E0599]: no function or associated item named `get_operators_sorted_by_priority` found for struct `Operation` in the current scope
[INFO] [stdout]   --> src/rules.rs:39:28
[INFO] [stdout]    |
[INFO] [stdout] 39 |         let right_p = Operation::get_operators_sorted_by_priority(&right)?;
[INFO] [stdout]    |                                  ^^^^^^^^^^^^^^^^^^^^^^^^^^^^^^^^ function or associated item not found in `Operation`
[INFO] [stdout]    | 
[INFO] [stdout]   ::: src/operation.rs:10:1
[INFO] [stdout]    |
[INFO] [stdout] 10 | pub struct Operation
[INFO] [stdout]    | -------------------- function or associated item `get_operators_sorted_by_priority` not found for this
[INFO] [stdout] 
[INFO] [stdout] 
[INFO] [stdout] error[E0599]: no function or associated item named `get_operators_sorted_by_priority` found for struct `Operation` in the current scope
[INFO] [stdout]   --> src/rules.rs:38:27
[INFO] [stdout]    |
[INFO] [stdout] 38 |         let left_p = Operation::get_operators_sorted_by_priority(&left)?;
[INFO] [stdout]    |                                 ^^^^^^^^^^^^^^^^^^^^^^^^^^^^^^^^ function or associated item not found in `Operation`
[INFO] [stdout]    | 
[INFO] [stdout]   ::: src/operation.rs:10:1
[INFO] [stdout]    |
[INFO] [stdout] 10 | pub struct Operation
[INFO] [stdout]    | -------------------- function or associated item `get_operators_sorted_by_priority` not found for this
[INFO] [stdout] 
[INFO] [stdout] 
[INFO] [stdout] error[E0599]: no function or associated item named `get_operators_sorted_by_priority` found for struct `Operation` in the current scope
[INFO] [stdout]   --> src/rules.rs:39:28
[INFO] [stdout]    |
[INFO] [stdout] 39 |         let right_p = Operation::get_operators_sorted_by_priority(&right)?;
[INFO] [stdout]    |                                  ^^^^^^^^^^^^^^^^^^^^^^^^^^^^^^^^ function or associated item not found in `Operation`
[INFO] [stdout]    | 
[INFO] [stdout]   ::: src/operation.rs:10:1
[INFO] [stdout]    |
[INFO] [stdout] 10 | pub struct Operation
[INFO] [stdout]    | -------------------- function or associated item `get_operators_sorted_by_priority` not found for this
[INFO] [stdout] 
[INFO] [stdout] 
[INFO] [stdout] error: aborting due to 2 previous errors; 1 warning emitted
[INFO] [stdout] 
[INFO] [stdout] 
[INFO] [stdout] For more information about this error, try `rustc --explain E0599`.
[INFO] [stdout] 
[INFO] [stderr] error: could not compile `expert_system`.
[INFO] [stderr] 
[INFO] [stderr] To learn more, run the command again with --verbose.
[INFO] [stderr] warning: build failed, waiting for other jobs to finish...
[INFO] [stdout] error: aborting due to 2 previous errors; 1 warning emitted
[INFO] [stdout] 
[INFO] [stdout] 
[INFO] [stdout] For more information about this error, try `rustc --explain E0599`.
[INFO] [stdout] 
[INFO] [stderr] error: build failed
[INFO] running `Command { std: "docker" "inspect" "f34c4b4c6e9613de92f4ec878f60eeb916e7babc583213acffc61ff562f7d68e", kill_on_drop: false }`
[INFO] running `Command { std: "docker" "rm" "-f" "f34c4b4c6e9613de92f4ec878f60eeb916e7babc583213acffc61ff562f7d68e", kill_on_drop: false }`
[INFO] [stdout] f34c4b4c6e9613de92f4ec878f60eeb916e7babc583213acffc61ff562f7d68e
